 31*d - 5. Give k(-3).
124
Let d(a) = 14*a**2 + 96*a - 189. What is d(2)?
59
Let g(q) = -11*q**2 + 299*q + 277. Give g(28).
25
Let m(t) = -777*t + 62158. Determine m(80).
-2
Let b(h) = -2596*h - 18145. What is b(-7)?
27
Let r(k) = k**2 - 713*k + 2836. Determine r(4).
0
Let n(u) = -5*u**3 + 31*u**2 + 18*u + 74. Determine n(7).
4
Let w(b) = b**2 - 79*b + 1561. Determine w(40).
1
Let f(w) = -w**3 - 11*w**2 + 68*w - 3. Calculate f(-15).
-123
Let v(c) = 1523*c + 4574. What is v(-3)?
5
Let z(q) = 234*q + 2679. Give z(-11).
105
Let f(w) = 3538*w - 17691. What is f(5)?
-1
Let j(z) = z**3 - 10*z**2 + 26*z - 12. Give j(6).
0
Let x(f) = 3*f**2 - 106*f + 350. Calculate x(32).
30
Let t(f) = 609*f**2 + 10*f + 9. Give t(-1).
608
Let o(n) = -53199*n + 478794. What is o(9)?
3
Let r(j) = 3*j**2 + 306*j + 2254. What is r(-94)?
-2
Let z(o) = o**2 + 4*o - 55. Determine z(6).
5
Let q(t) = -t**3 + 17*t**2 - 350*t - 1748. What is q(-4)?
-12
Let n(i) = -4*i**2 + 136*i - 476. Give n(30).
4
Let d(v) = -173*v - 855. Give d(-5).
10
Let j(h) = 5*h**3 - 207*h**2 + 85*h - 168. Give j(41).
-45
Let w(v) = -261*v - 696. Determine w(-4).
348
Let u(i) = 97*i**2 + 3*i - 3. What is u(1)?
97
Let t(x) = -x**2 + 97*x + 1301. What is t(-12)?
-7
Let j(u) = -3*u**3 - 15*u**2 + 4*u - 5. Give j(-5).
-25
Let d(s) = -19488*s + 136419. What is d(7)?
3
Let m(y) = 3*y**3 - 2*y**2 - 13*y + 37. Determine m(3).
61
Let g(r) = -r**3 + 9*r - 8. Calculate g(2).
2
Let j(z) = z**3 - 10*z**2 - 5*z - 23. What is j(-6)?
-569
Let z(n) = 12*n**3 + 6*n**2 - 9*n - 40. Give z(-2).
-94
Let o(b) = 70*b**3 + 23*b**2 - 21*b - 3. Calculate o(1).
69
Let d(n) = -n**3 - 56*n**2 - 54*n - 1. Give d(-55).
-56
Let z(l) = 23*l**2 - 6*l + 12. What is z(3)?
201
Let x(a) = a**2 - 553*a + 39422. Calculate x(84).
26
Let v(s) = -s**3 - 78*s**2 - 217*s + 597. Give v(-75).
-3
Let w(y) = -2*y**2 - 56*y + 407. Calculate w(-34).
-1
Let v(j) = 38*j - 3193. Calculate v(84).
-1
Let f(b) = -1731*b + 32845. Determine f(19).
-44
Let j(z) = -z**3 - z**2 + 88*z + 4. What is j(-10)?
24
Let f(t) = -24*t**2 + 715*t + 221. Calculate f(30).
71
Let w(a) = -a**3 - 51*a**2 - 15*a - 648. Give w(-51).
117
Let o(q) = 4*q**3 - 23*q**2 - 5*q + 6. Determine o(5).
-94
Let t(b) = b**2 + 22*b - 956. What is t(22)?
12
Let n(k) = 23*k - 27. Calculate n(6).
111
Let j(f) = f**3 + 4*f**2 - 30*f - 7. What is j(-8)?
-23
Let z(o) = 133*o - 1610. Determine z(10).
-280
Let u(v) = v**3 + 4*v**2 - 1088*v - 98. Give u(-35).
7
Let l(z) = -2*z**3 - 52*z**2 - 56. Calculate l(-26).
-56
Let k(b) = -6*b**2 - 53*b - 82. Determine k(-5).
33
Let t(c) = -c**3 - 3*c**2 + 73*c + 317. What is t(-7)?
2
Let f(m) = -m**2 + 82*m + 162. Determine f(84).
-6
Let t(f) = -31*f - 1946. Determine t(-63).
7
Let d(i) = -i**3 + 27*i**2 - 20*i + 27. Determine d(0).
27
Let z(m) = -3*m**3 - 144*m**2 + 3*m + 149. What is z(-48)?
5
Let g(c) = 41*c + 2875. What is g(-70)?
5
Let s(j) = 77*j + 5. What is s(0)?
5
Let p(r) = 438*r - 1608. Give p(4).
144
Let f(s) = -s**2 - 28*s - 131. Calculate f(-21).
16
Let m(l) = l**3 - 12*l**2 - 6*l - 14. Calculate m(9).
-311
Let q(v) = 18*v + 425. Give q(-21).
47
Let s(i) = i**2 + 13*i + 80. Calculate s(-6).
38
Let x(w) = -5*w**2 + 2*w + 13. Calculate x(-4).
-75
Let s(a) = -104*a**2 + 12*a + 2. Calculate s(-1).
-114
Let v(u) = -19*u - 124. What is v(-2)?
-86
Let r(c) = -8*c**3 - 3*c**2 - 20*c + 27. Calculate r(4).
-613
Let a(d) = -4*d**2 - 44*d - 152. Determine a(-4).
-40
Let v(c) = -4*c**2 + 8*c + 81. What is v(-4)?
-15
Let y(f) = -f**2 - 9*f + 2664. What is y(49)?
-178
Let k(a) = 924*a + 11091. Determine k(-12).
3
Let u(l) = 168*l - 2831. What is u(17)?
25
Let v(m) = -m**3 + 46*m**2 + 93*m + 138. Determine v(48).
-6
Let j(k) = -65*k - 5441. Give j(-84).
19
Let o(p) = 23*p**3 + 4*p**2 - 6*p + 3. What is o(1)?
24
Let y(r) = 15*r - 251. Give y(16).
-11
Let o(b) = -b**3 + 29*b**2 + 60*b - 121. Determine o(31).
-183
Let b(x) = 30*x + 246. What is b(-26)?
-534
Let t(g) = -2*g**3 + 17*g**2 + 17*g + 1. Give t(9).
73
Let a(l) = 2*l**3 + 39*l**2 + 119*l - 241. Give a(-15).
-1
Let u(k) = -k**3 - 86*k**2 + 361*k + 92. Determine u(-90).
2
Let w(p) = -p**3 + 9*p**2 + 37*p - 94. Determine w(12).
-82
Let r(l) = 8*l - 5. Determine r(-11).
-93
Let r(y) = -48*y + 2483. Give r(50).
83
Let w(h) = -h**2 + 39*h + 73. Calculate w(41).
-9
Let s(t) = 23*t - 237. Calculate s(8).
-53
Let l(x) = 11*x**2 + 79*x - 45. What is l(-8)?
27
Let d(l) = 2*l - 369. Give d(14).
-341
Let p(o) = -o**2 - 36*o - 62. What is p(-36)?
-62
Let x(v) = v**2 + 43*v - 101. Calculate x(-36).
-353
Let x(r) = r**2 + 5*r + 5. What is x(-9)?
41
Let t(s) = -s**3 - 12*s**2 + 72*s + 144. Give t(-16).
16
Let n(w) = -w**3 + 25*w**2 + 231*w - 31. Determine n(-7).
-80
Let z(i) = -i**3 - 8*i**2 + 26*i + 113. What is z(-8)?
-95
Let h(o) = o**3 - 36*o**2 - 114*o - 52. Determine h(39).
65
Let f(p) = -4*p**2 + 150*p + 92. Calculate f(38).
16
Let x(s) = s**2 + 10*s + 44. What is x(-16)?
140
Let b(q) = 8*q**2 + 18*q + 45. What is b(-6)?
225
Let v(f) = 15*f**3 - 4*f**2 + 6*f - 7. Determine v(2).
109
Let c(v) = -71*v - 2487. What is c(-35)?
-2
Let v(q) = q**3 - 44*q**2 + 232*q - 103. Determine v(38).
49
Let a(q) = q**3 + 12*q**2 - 21*q + 53. Give a(-13).
157
Let k(u) = 334*u - 3343. Give k(10).
-3
Let l(k) = k**2 - 17*k - 180. Determine l(22).
-70
Let u(y) = 32*y - 1053. What is u(20)?
-413
Let s(c) = -c**2 - 11*c - 56. What is s(-11)?
-56
Let i(l) = l**3 - 223*l**2 + 13*l - 2901. Determine i(223).
-2
Let y(q) = 695*q - 2079. Determine y(3).
6
Let z(l) = 12*l - 222. Calculate z(19).
6
Let n(l) = -54*l + 457. Give n(11).
-137
Let m(t) = 38*t - 3832. What is m(101)?
6
Let a(q) = -q**2 - 19*q - 35. Calculate a(-12).
49
Let t(q) = 3*q**3 + 283*q**2 - 573*q - 4. What is t(2)?
6
Let m(s) = -s**2 + 319*s - 9682. Give m(34).
8
Let d(h) = -h**2 - 45*h + 624. Give d(11).
8
Let a(y) = 157*y - 3679. Give a(27).
560
Let s(w) = -w**3 - 10*w**2 + 25*w + 256. Give s(-9).
-50
Let s(x) = -x**3 - 21*x**2 + 189*x - 215. What is s(-28)?
-19
Let k(c) = -2*c**2 + 135*c - 38. Give k(67).
29
Let x(n) = -854*n - 33309. What is x(-39)?
-3
Let z(n) = -2*n**2 - 489*n - 15015. Give z(-36).
-3
Let p(q) = q**2 - 34*q - 144. Determine p(39).
51
Let t(d) = -40*d**2 - 752*d + 121. What is t(-19)?
-31
Let b(v) = v**3 - 186*v**2 - 155*v - 5987. What is b(187)?
-3
Let z(v) = v**2 + 20*v - 648. Determine z(20).
152
Let a(i) = 12*i**2 + 496*i + 1977. Give a(-4).
185
Let i(l) = -14*l**2 - 60*l + 25. Give i(-5).
-25
Let m(i) = 111*i - 4340. Give m(39).
-11
Let g(w) = -2*w**2 - 139*w + 13521. What is g(-124)?
5
Let x(a) = a**2 + 31*a + 111. Give x(-28).
27
Let u(p) = p**2 + 34*p + 297. Give u(-20).
17
Let h(j) = -24*j - 408. Determine h(-11).
-144
Let j(t) = -t**3 - 4*t**2 - 38. Determine j(0).
-38
Let l(d) = d**2 - 53*d - 425. Calculate l(-7).
-5
Let a(l) = -18*l**2 - 347*l - 98. Give a(-19).
-3
Let k(s) = -545*s - 46864. Determine k(-86).
6
Let j(o) = -14*o**2 - 355*o - 54. What is j(-25)?
71
Let t(c) = -2*c**2 - 77*c - 18. What is t(-39)?
-57
Let h(f) = -f**3 - 9*f**2 - 22*f + 17. What is h(-7)?
73
Let b(x) = -x**2 + 616*x - 1846. Give b(3).
-7
Let p(k) = -k**3 + 11*k**2 + 128*k - 34. Calculate p(18).
2
Let z(a) = 134*a - 6171. Determine z(46).
-7
Let g(u) = -144*u + 23. Give g(3).
-409
Let c(y) = -y**2 - 30*y + 9. Calculate c(-19).
218
Let t(l) = 3*l**2 + 434*l - 2159. Calculate t(5).
86
Let o(a) = a**3 - 59*a**2 + 137*a - 1337. Give o(57).
-26
Let g(t) = 3*t**3 - 29*t**2 + 33*t - 132. Calculate g(9).
3
Let c(l) = -2*l**3 + 15*l**2 + 22*l - 87. Determine c(8).
25
Let u(s) = -2*s**2 + 26*s - 71. Calculate u(11).
-27
Let a(z) = -z**3 - 40*z**2 + 83*z - 21. Calculate a(-42).
21
Let p(o) = 64*o + 2290. Determine p(-36).
-14
Let j(r) = -r**3 - 26*r**2 - 21*r + 79. Calculate j(-25).
-21
Let p(z) = -z**3 + 10*z**2 - 56*z + 70. Give p(2).
-10
Let f(v) = -3*v**2 - 197*v - 173. Give f(-61).
681
Let k(s) = -71*s - 2935. Give k(-38).
-237
Let d(o) = o**3 + 89*o**2 - 4502*o - 293. What is d(-125)?
-43
Let x(w) = w**2 + 234*w - 2180. Give x(9).
7
Let h(l) = -6*l - 73. Give h(9).
-127
Let b(s) = -27*s - 147. Give b(-5).
-12
Let m(j) = -j**2 - 42*j - 222. What is m(-43)?
-265
Let l(o) = -2*o**3 - 27*o**2 - 13*o - 51. What is l(-13)?
-51
Let i(s) = s**2 + 98*s - 730. What is i(7)?
5
Let b(v